/(-2))/(7/(-42)). Suppose 5*i - m*i - 20 = 0. What are the prime factors of i?
2, 5
Suppose 34 = -2*d - 3*f - f, d - 5*f = -3. Let z = d - -38. List the prime factors of z.
5
Let q be (-6)/((-458)/(-116) - 4). Let t = q + -67. List the prime factors of t.
7
Let x(c) = -c**3 + 2*c**2 + 4*c - 1. Let o be x(3). Suppose -4 = -o*m + 10. What are the prime factors of m?
7
Let d be (-3 + (2 - -1))/2. Suppose 2*x - 1 - 7 = d. What are the prime factors of x?
2
Suppose 0 = 3*n + 2*n. Suppose -3*a - 18 = -n*a. List the prime factors of 1 + 0 - (a + 1).
2, 3
Let x be 6 - (2 - (0 + 0)). Suppose 3 = x*i - 13. Suppose k + i = 0, 3*k + 76 = 7*s - 3*s. List the prime factors of s.
2
Let w = 758 + -496. What are the prime factors of w?
2, 131
Suppose -46 = -5*n + 34. Suppose w - 5*h = 24, 3*h - n = -w + 4*h. What are the prime factors of w?
2, 7
Suppose 2*o = 38 + 10. Suppose o = v - 3*a, 40 = 5*v + a - 0*a. List the prime factors of v.
3
Let h = 48 + 61. Suppose -c = 5*i - 2*c - h, 16 = -4*c. List the prime factors of i.
3, 7
Let v(d) = -d**2 + 5*d + 45. What are the prime factors of v(0)?
3, 5
Let d(a) = -2*a - 10. What are the prime factors of d(-6)?
2
Let i be (-2)/4 - 66/(-4). Suppose 0 = -4*x + i + 28. List the prime factors of x.
11
Let v = -25 + 71. List the prime factors of v.
2, 23
Let c(g) = -g**3 - 16*g**2 + 11*g - 10. List the prime factors of c(-17).
2, 23
Let w(t) = -t + 11. Let n be w(-9). Let s = n + -6. What are the prime factors of s?
2, 7
Let n(i) = 4*i**3 - 8*i + 5. List the prime factors of n(3).
89
Suppose -u + 11 + 61 = 0. What are the prime factors of u?
2, 3
Suppose -6*y = -y + 5*j - 525, j = 2*y - 225. List the prime factors of y.
2, 5, 11
Let m be (2*5)/(-2 + 4). List the prime factors of (0 - 2 - 1) + m.
2
Let q = 0 - -4. Suppose -2*y = -q*f + 78, -4*y - 54 = -2*f - 0*f. Suppose -f + 2 = -3*l. What are the prime factors of l?
5
Suppose p = -3*p + 20. List the prime factors of p.
5
Let c = 124 - -52. List the prime factors of c.
2, 11
Suppose -4*j = -65 - 131. List the prime factors of j.
7
Suppose q + 85 = k, -4*q + 167 = 2*k - 7*q. List the prime factors of k.
2, 11
Suppose 16*a = 13*a. Suppose a = 3*r, 5*r - 27 = -3*x + r. What are the prime factors of x?
3
Let c(p) = p**2 - 5*p - 2. Let o be c(4). Let q = 4 + o. What are the prime factors of -1 + (-6)/q - -1?
3
Let o = -9 + 17. List the prime factors of o.
2
Let g be ((-4)/5)/((-4)/30). What are the prime factors of g/12 - 38/(-4)?
2, 5
Let u(o) = o + 7. List the prime factors of u(18).
5
Suppose 2*f - 16 = -3*g, -4*g = -0*f + f - 13. Suppose -r + g = -0*r. What are the prime factors of r?
2
Let u be 2/1*(-34)/(-4). Suppose i = 2 + u. Let s = i - 10. List the prime factors of s.
3
Let r = -13 - -22. What are the prime factors of r?
3
Suppose -p + 8 = p. What are the prime factors of p?
2
Let c(t) = 3*t + 6 - 1 - 2*t. Let k be (4 - 1)*(-28)/(-21). List the prime factors of c(k).
3
Suppose -2*h - 4*k - 28 = -4*h, 0 = h - 4*k - 24. Let w be (-6)/h*(-8)/6. List the prime factors of 70/5 + w/(-1).
2, 3
Let b = 0 - -5. Suppose b*j - 5 = 5. List the prime factors of j.
2
Let w = 112 + -47. What are the prime factors of w?
5, 13
Let a = -11 - -131. Suppose -5*g + a = -2*g. Suppose -3*k - 2*k + g = 5*u, 2*k - 13 = -u. List the prime factors of k.
5
Suppose -4*q + 896 = 2*p, -4*p + 6*q = 2*q - 1732. List the prime factors of p.
2, 3, 73
Let v = 19 + -10. What are the prime factors of v?
3
Let l = 18 - 15. Suppose -2*p = l*p - 125. List the prime factors of p.
5
Suppose 5*d - f = 25, 10 = 2*d - 0*d - 5*f. Let l = 2 + d. List the prime factors of l.
7
Suppose 0 = 2*w - 4. Suppose w*k = 5*v + 20, 21 = v + v + 5*k. List the prime factors of 8 + (1 - (v - -2)).
3
Let c(k) = k**3 + 5*k**2 + k + 4. Let o be c(-5). Let z(f) = 18*f**2 + f + 1. Let h be z(o). Suppose -h + 0 = -3*y. List the prime factors of y.
2, 3
Let z(g) be the third derivative of 5*g**4/12 + 7*g**3/6 - 6*g**2. List the prime factors of z(4).
47
Suppose -28 - 16 = -2*k. Let y = k + -37. Let j = 35 + y. List the prime factors of j.
2, 5
Let r(k) = -78*k**3 + k**2 + k. List the prime factors of r(-1).
2, 3, 13
Suppose i - 77 = -r - 0*r, i = 5*r - 391. List the prime factors of r.
2, 3, 13
Suppose -4*a = -5*a - 1. Let x = 4 + a. What are the prime factors of x?
3
Suppose -w + 0*w + 3 = 0. Suppose 3*d = -d + w*a + 4, 5*d + a = 24. List the prime factors of d.
2
Suppose 5*l = -0*z + z + 28, -3*l + 4*z = -27. Suppose 0*v + l*v = 30. List the prime factors of v.
2, 3
Let u = 2 - -3. Suppose s + 96 = u*s. What are the prime factors of s?
2, 3
Suppose n - 12 = 11. Suppose 2*i + 1 = n. List the prime factors of i.
11
Let s(v) = v**2 + 3*v - 4. Let y be s(-5). Suppose 15 = y*z - z. List the prime factors of z.
3
Let d = 99 + -54. List the prime factors of d.
3, 5
Let w(c) = -c**2 + 7*c - 6. Let d be w(5). Suppose 0 = 5*k + j - 85, 3*k - d*j = -0*k + 28. List the prime factors of k.
2
Let t be 1/1 - (2 + -3). Suppose 3*x - 3*p + 2 = -1, 2*x + t*p - 14 = 0. List the prime factors of x.
3
Suppose 141 = j + 3*y - 4*y, 2*j - 3*y - 287 = 0. What are the prime factors of j?
2, 17
Suppose -2*l + 3 = -5*l. Let w = l - -8. What are the prime factors of w?
7
Let t(u) = -u - 3. Let n(h) = -4*h + 3*h + 3*h + 2 - h. Let o(r) = -5*n(r) - 2*t(r). List the prime factors of o(-4).
2
Suppose 5 = 5*i - 3*u - 14, -u - 1 = i. Suppose -4 = -i*b + 2. Suppose -3 - b = -o. What are the prime factors of o?
2, 3
Let u = -446 - -800. What are the prime factors of u?
2, 3, 59
Suppose 3*w = -4 - 2, -4*p - 5*w - 6 = 0. Let r(k) = 10*k**2 - k - 33 + 33. List the prime factors of r(p).
3
Let f(x) = 3*x + 1. Let h be f(1). Suppose 5*o - h*o - 2*v - 12 = 0, 4*o - 62 = v. List the prime factors of o.
2
Suppose -2*m + 11 = 1. Suppose 29 = -3*t + m*t - y, -20 = -t - 5*y. What are the prime factors of t?
3, 5
List the prime factors of 144 + (4/(-10))/(2/(-10)).
2, 73
Let g = 16 + 0. List the prime factors of g.
2
Let f be 3/(-12) + 18/8. Suppose -3 = j + f*i + 2, 2*j - i = 10. What are the prime factors of j/(9/16)*3?
2
Let n(z) = -2*z + 14. Suppose -20 = 3*l - l + 3*d, -d = 0. What are the prime factors of n(l)?
2, 17
Suppose 2*m + 0 = -2. What are the prime factors of (-1)/3*m*39?
13
Let h(o) = o + 6. Let m be h(-4). Suppose -4*v - 12 = 0, 2*d + m*v - 24 = 4*v. Suppose -q + d = 2*s, 4*q - 5 = 5*s + 5. What are the prime factors of s?
2
Let h = -7 - -8. Suppose 32 = 4*q + 4*i, 0 = -5*q + i + 11 - h. Suppose t = -q*t + 20. List the prime factors of t.
5
Let i be (32/(-20) + -4)*30/4. Suppose 5*f - 263 = -4313. List the prime factors of f/i + 4/(-14).
19
Let c(u) = -u**2 - 9*u - 1. Let x be c(-8). Suppose -2*w - x = -3*w. What are the prime factors of w?
7
Let i = -115 - -341. List the prime factors of i.
2, 113
Let b(l) = -4*l + 9. Let f be b(6). Let p be f/25 + 36/10. List the prime factors of 6/(6/(-3) + p).
2, 3
Suppose 0 = -5*d + 46 + 19. List the prime factors of d.
13
What are the prime factors of (1 + 148/3)/((-1)/(-3))?
151
What are the prime factors of 118 - -5 - (-12)/(-16)*4?
2, 3, 5
List the prime factors of (2/(-7))/(8 + 41725/(-5215)).
2, 149
Suppose 3*c + 135 = -0*c. Let g be 4/4 + (-1 - c). Suppose 2*a + 17 = g. What are the prime factors of a?
2, 7
Suppose -5*q = -34 - 36. Let v = q + -8. What are the prime factors of v?
2, 3
Let a be (-1)/(-3) - 1/3. Suppose -3*l + 12 = r, 5*r = 4*l - l + 6. Suppose -5*s - 4*j + 57 = a, 0 = -j + 2*j - r. List the prime factors of s.
3
Suppose 0 = d - 3*d + 50. What are the prime factors of (-10)/(-4)*90/d?
3
Suppose -j + 16 = 3*j. Suppose 2*u = a - 12 + 28, 0 = j*u + 3*a - 32. What are the prime factors of u?
2
Let a(g) = -g**3 - 12*g**2 - 15*g - 4. List the prime factors of a(-11).
2, 5
Let p(f) = 30*f - 6. What are the prime factors of p(4)?
2, 3, 19
Let z(k) = k**2 + 10*k - 11. Let j(b) = b - 1. Let i(v) = 4*j(v) - z(v). Let s be i(-9). List the prime factors of ((-4)/(-5))/((-8)/s).
2
Let g be 1 - 1/(1/(-3)). Let z(j) be the first derivative of -j**4/4 + 5*j**3/3 - 3*j**2/2 - j + 3. What are the prime factors of z(g)?
3
Let k be (-15)/(-2) - 1/2. Let h = k - 0. What are the prime factors of h?
7
Let b(n) = 3 + 2*n - 6*n + 3*n. What are the prime factors of b(-6)?
3
Suppose h + n = 4 + 10, -h = -4*n - 24. List the prime